et g = 708 - 692. Calculate the highest common divisor of g and j.
8
Let o = 3975 + -2827. Calculate the highest common divisor of o and 56.
28
Let r be 1/(-3) + (-110)/(-6). Suppose -8*g = -4*g - 52. Suppose -4*w + w = -v - 59, v - g = -w. Calculate the greatest common factor of w and r.
18
Let h be 6 + (-5 - -3) - 0. Let p = -1 + h. Suppose 4*i + 459 = 5*b, b + 4*i = p*i + 99. Calculate the greatest common divisor of b and 19.
19
Let p = -17 - -8. Let n = p + 7. Let u = n - -8. What is the highest common divisor of u and 2?
2
Let r be (-5 + -1)*(-4)/8*1. Let u = r - -11. Let j(d) = 111*d**2 - 2*d - 1. Let s be j(-1). Calculate the greatest common factor of s and u.
14
Let m be (3/(-9))/(1*2/(-24)). Calculate the highest common factor of m and 21.
1
Let h(w) = 2*w**2 + 12*w + 10. Let p be h(-10). Suppose 2*g + 15 = 35. Calculate the highest common factor of p and g.
10
Suppose -5*q = 4*g - 325, 1 = 3*g + 2*q - 248. Let t be 731/g - 2/(-5). Let a be (-4 + 1)*(-1 + -20). What is the greatest common factor of a and t?
9
Let l(w) = 11*w - 32. Let n be l(6). Suppose 0 = -4*x - 0*h - 2*h + 42, -h = 3*x - n. What is the greatest common divisor of 39 and x?
13
Let y = 19 + -5. Let j(x) = -x**3 - 4*x**2 - 2*x - 1. Suppose 6*r - 3*r = -12. Let g be j(r). Calculate the greatest common divisor of g and y.
7
Let q(z) = 2*z**2 - z - 1. Let a be q(2). Let t be 1 + 20/(-4) + 0 + -105. Let u = t + 119. What is the greatest common factor of a and u?
5
Let g = -8 - -28. Let h be g/(-6)*(-6)/4. Suppose h*f - 189 + 49 = 0. What is the highest common factor of 4 and f?
4
Let f(z) = 33*z**2 - 6*z. Let y be f(-1). What is the greatest common divisor of y and 6?
3
Suppose 5*f - f = o - 16, 3*f = 3*o - 66. Calculate the greatest common divisor of o and 108.
12
Suppose 2*a - 585 = 7*a. Let y = -41 - a. Suppose 4*g - h - 47 = 29, 3*g = -3*h + 57. Calculate the greatest common divisor of g and y.
19
Let n(y) = y**2 + 9*y - 16. Let t be n(-11). Calculate the greatest common divisor of 33 and t.
3
Suppose -4*q - 2*i = -7136, 56*q = 52*q - 4*i + 7128. What is the greatest common factor of 114 and q?
38
Suppose 115*t - 126*t + 132 = 0. Calculate the highest common divisor of 204 and t.
12
Suppose -11*u + 5*u = -5040. Calculate the greatest common divisor of u and 20.
20
Let q(u) be the first derivative of u**3/3 - 7*u**2/2 + 13*u - 8. Let j be q(4). Calculate the greatest common divisor of 7 and j.
1
Suppose 3*w + 5*b + 49 = 0, 3*w - b = -2*w - 35. Let s = w - -14. Suppose -s = -5*m + 29. What is the highest common divisor of m and 56?
7
Let o = 25 - 13. Let a = 1128 + -1044. Calculate the highest common factor of o and a.
12
Suppose -5*u + 510 = -7*g + 11*g, u - 113 = -3*g. Let h be 1 - (-26 + (-2 - -1)). What is the greatest common divisor of u and h?
14
Let b(r) = 5*r**3 + 20*r**2 - 7*r - 33. Let j be b(-3). Let p(q) = 2*q**2 - 2*q - 2. Let c be p(4). What is the greatest common factor of c and j?
11
Let f(y) = 21*y - 52. Let t be f(12). Calculate the highest common divisor of 20 and t.
20
Let r be (-34)/9 + (-6)/27. Let j be (-7 - -5)*134/r. Suppose 2*q + 4*t + 21 - j = 0, -79 = -3*q - 4*t. Calculate the highest common factor of 22 and q.
11
Let j = 17 + -5. Suppose 0*x - 2 = -3*u + x, 5 = -x. Let k be (24/(-8))/(-1) + 94 + u. What is the greatest common divisor of k and j?
12
Suppose -u = 3*n - 40, -5*n + 5*u = -0*u - 40. Let v be 3/2*176/n. Let g be (v/6)/(1/3). What is the greatest common factor of g and 44?
11
Let l(s) = -17*s**2 - 11*s - 7. Let y(w) = 8*w**2 + 5*w + 4. Let m(n) = 6*l(n) + 13*y(n). Let p be m(3). Calculate the highest common divisor of 5 and p.
5
Let x = -13 + 70. Suppose 1 = i - 3*d, 0 = -3*i - 5*d + x - 12. Let c = -423 - -533. What is the highest common factor of i and c?
10
Suppose -5*d - 2*s + 86 = 0, -8*d + 4*d + 73 = 3*s. What is the greatest common divisor of d and 436?
4
Suppose 12*v = 14*v - 34. Suppose -3*d + v = -10. Suppose -2 + 4 = 2*w. What is the greatest common factor of w and d?
1
Suppose 0 = -0*y - y + 264. Let x = -131 + 92. Let g be (112/35)/(x/45 + 1). What is the highest common factor of y and g?
24
Suppose 40 = -b + 5*b. Suppose -x = -3*x + b. What is the highest common divisor of x and 2?
1
Let l = 393 - 249. Suppose -w + 36 = -0*w. Calculate the greatest common divisor of w and l.
36
Let z = 34 + -10. Suppose 0 = -4*u + 80 + z. Calculate the greatest common factor of u and 91.
13
Suppose -4*t + 2*v = -750, 0 = -t + 8*v + 269 - 104. Calculate the greatest common divisor of t and 135.
27
Suppose -7*r + 3 = -10*r. Let p be 223 - (4 - 7 - r). Calculate the greatest common factor of p and 25.
25
Let s = -883 - -967. Let j(l) = l**3 + 7*l**2 - 8. Let k be j(-6). Calculate the highest common factor of k and s.
28
Let v be 10*(-1 - -2) - 4. Let g be -45*(v/(-10) - 0). What is the greatest common divisor of g and 54?
27
Let p = -75 + 145. Suppose -4*o = -8, 4*t + 0*o = -2*o + 44. Let x be ((-56)/t)/(26/(-65)). What is the highest common factor of x and p?
14
Let w be 108 + ((-1)/5 - 42/(-10)). Calculate the greatest common divisor of 80 and w.
16
Suppose -4*m = 3*j - 6, 3*j = 4*m + 4*j - 10. Let r = 0 - -3. Suppose -3*l = -r*g + 60, -2*g + 25 = 2*l - l. Calculate the greatest common divisor of g and m.
3
Let j(y) = -y + 11. Let u be j(13). Let q be (2 - 3)/(1/u). Let o be ((-155)/q)/(-5)*2. What is the highest common divisor of o and 62?
31
Suppose 162 + 2603 = 35*h. Calculate the highest common factor of 395 and h.
79
Let g(o) = 4*o**2 - 34*o. Let d be g(10). Suppose 0 = 5*i - 2*w - 192, 5*i + 0*w + w = 204. What is the greatest common divisor of i and d?
20
Let j = 4852 + -2681. Suppose 299 = -9*g + j. Calculate the highest common divisor of 16 and g.
16
Let t be -65*5/10*-2. What is the greatest common divisor of t and 221?
13
Let u(c) = c**3 - 10*c**2 + 19*c - 21. Let p be u(8). Calculate the greatest common divisor of p and 1.
1
Let j(r) = -r**3 - 6*r**2 - 9*r - 6. Let a be j(-4). Let h = -1 - a. Let d = 1 + h. What is the highest common factor of d and 18?
2
Suppose -240 = 3*d - 9*d. Let f be 31 - 0 - (-5 - -12 - 8). Calculate the highest common divisor of d and f.
8
Let k be (-2)/7 + 9/7. Let a be k*1/(3/6). Let w be -3*48/(-90)*10/4. Calculate the highest common divisor of w and a.
2
Let m be (-4 - -2 - -6)*10. Let z(p) = 408*p - 2776. Let n be z(7). Calculate the highest common factor of m and n.
40
Let y(c) = -c + 6. Let o be y(8). Let j be (28/(-21) + o)*(-18)/10. What is the highest common divisor of j and 12?
6
Suppose 8*g + 82 = -14. Let r be (16/g)/((-1)/24). Calculate the highest common factor of r and 4.
4
Suppose 2*f = 7*f + 30. Let i be (-4)/f + (-8)/(-6). Suppose -5*a = i*k - 3, 2*k = 3*k - 5*a - 9. Calculate the highest common divisor of k and 16.
4
Let i = -223 - -283. Calculate the highest common factor of i and 36.
12
Let j = -85 + 96. Let y(t) = 3*t**2 + 1. Let p be y(-1). Suppose -5*b + p*d = 19 - 74, 3*b = -3*d + 33. Calculate the greatest common factor of j and b.
11
Let p be ((-60)/(-21))/((-9)/(-252)). Calculate the greatest common divisor of p and 48.
16
Let x(s) = -2*s**3 - 37*s**2 - 25*s - 14. Let b be x(-18). What is the greatest common divisor of 64 and b?
16
Suppose -5*u + 3*u = 20. Let t be 18/u*(2 - 9 - -2). Suppose 29 = -i + 92. Calculate the highest common divisor of i and t.
9
Let w = -88 + 133. Calculate the highest common divisor of 10 and w.
5
Let b(x) = -x**2 - 19*x + 92. Let h be b(-9). What is the greatest common divisor of 78 and h?
26
Let b = 499 + 27. Let u = b + -376. Suppose -3*a = -129 - 51. Calculate the highest common divisor of a and u.
30
Suppose 4*g + 4*p - 2428 - 60 = 0, 4*p - 634 = -g. Suppose -g = -11*a + 229. What is the highest common factor of a and 22?
11
Let j be (6/10)/((-8)/(-200)). Suppose j = -4*d - 3*w, -2*w = 3*w + 5. Let a = 15 - d. What is the greatest common factor of 9 and a?
9
Let k be 14/1 + (-1 - -2). Let z = -7 + 10. Suppose -z*b + 14 = -1. Calculate the greatest common divisor of k and b.
5
Let y(l) = 28*l + 118. Let o be y(-4). Calculate the highest common divisor of o and 58.
2
Let f be (16/6)/(2/6). Let c be -7 + 0 + -2 + 6. Let j be c - (-57)/((-12)/(-4)). Calculate the greatest common divisor of j and f.
8
Suppose 232 = 3*i + 79. What is the hi